Last updated on 2025-11-25 07:49:57 CET.
| Flavor | Version | Tinstall | Tcheck | Ttotal | Status | Flags |
|---|---|---|---|---|---|---|
| r-devel-linux-x86_64-debian-clang | 1.0 | 5.31 | 42.95 | 48.26 | NOTE | |
| r-devel-linux-x86_64-debian-gcc | 1.0 | 3.65 | 31.36 | 35.01 | NOTE | |
| r-devel-linux-x86_64-fedora-clang | 1.0 | 12.00 | 59.32 | 71.32 | OK | |
| r-devel-linux-x86_64-fedora-gcc | 1.0 | 26.00 | 49.98 | 75.98 | OK | |
| r-devel-windows-x86_64 | 1.0 | 9.00 | 58.00 | 67.00 | OK | |
| r-patched-linux-x86_64 | 1.0 | 5.63 | 39.88 | 45.51 | OK | |
| r-release-linux-x86_64 | 1.0 | 5.51 | 40.55 | 46.06 | OK | |
| r-release-macos-arm64 | 1.0 | OK | ||||
| r-release-macos-x86_64 | 1.0 | 4.00 | 44.00 | 48.00 | OK | |
| r-release-windows-x86_64 | 1.0 | 8.00 | 67.00 | 75.00 | OK | |
| r-oldrel-macos-arm64 | 1.0 | OK | ||||
| r-oldrel-macos-x86_64 | 1.0 | 4.00 | 33.00 | 37.00 | OK | |
| r-oldrel-windows-x86_64 | 1.0 | 10.00 | 69.00 | 79.00 | OK |
Version: 1.0
Check: CRAN incoming feasibility
Result: NOTE
Maintainer: ‘Xiaoyan Wang <xywang@hnu.edu.cn>’
No Authors@R field in DESCRIPTION.
Please add one, modifying
Authors@R: c(person(given = "Xiaoyan",
family = "Wang",
role = c("aut", "cre"),
email = "xywang@hnu.edu.cn"),
person(given = "Hongduo",
family = "Liu",
role = "aut"),
person(given = "Shuangge",
family = "Ma",
role = "aut"))
as necessary.
Flavors: r-devel-linux-x86_64-debian-clang, r-devel-linux-x86_64-debian-gcc