Last updated on 2025-06-30 15:49:39 CEST.
Flavor | Version | Tinstall | Tcheck | Ttotal | Status | Flags |
---|---|---|---|---|---|---|
r-devel-linux-x86_64-debian-clang | 1.5.1 | 2.39 | 19.51 | 21.90 | OK | |
r-devel-linux-x86_64-debian-gcc | 1.5.1 | 1.81 | 15.28 | 17.09 | OK | |
r-devel-linux-x86_64-fedora-clang | 1.5.1 | 32.84 | OK | |||
r-devel-linux-x86_64-fedora-gcc | 1.5.1 | 31.97 | OK | |||
r-devel-windows-x86_64 | 1.5.1 | 5.00 | 40.00 | 45.00 | OK | |
r-patched-linux-x86_64 | OK | |||||
r-release-linux-x86_64 | 1.5.1 | 2.03 | 18.00 | 20.03 | OK | |
r-release-macos-arm64 | 1.5.1 | 15.00 | OK | |||
r-release-macos-x86_64 | 1.5.1 | 23.00 | OK | |||
r-release-windows-x86_64 | 1.5.1 | 3.00 | 42.00 | 45.00 | OK | |
r-oldrel-macos-arm64 | 1.5.1 | 14.00 | NOTE | |||
r-oldrel-macos-x86_64 | 1.5.1 | 23.00 | NOTE | |||
r-oldrel-windows-x86_64 | 1.5.1 | 3.00 | 40.00 | 43.00 | NOTE |
Version: 1.5.1
Check: LazyData
Result: NOTE
'LazyData' is specified without a 'data' directory
Flavors: r-oldrel-macos-arm64, r-oldrel-macos-x86_64, r-oldrel-windows-x86_64