Last updated on 2024-05-10 13:49:18 CEST.
Flavor | Version | Tinstall | Tcheck | Ttotal | Status | Flags |
---|---|---|---|---|---|---|
r-devel-linux-x86_64-debian-clang | 0.1.1 | 3.09 | 40.09 | 43.18 | NOTE | |
r-devel-linux-x86_64-debian-gcc | 0.1.1 | 2.97 | 29.20 | 32.17 | NOTE | |
r-devel-linux-x86_64-fedora-clang | 0.1.1 | 53.68 | NOTE | |||
r-devel-linux-x86_64-fedora-gcc | 0.1.1 | 51.98 | NOTE | |||
r-devel-windows-x86_64 | 0.1.1 | 4.00 | 52.00 | 56.00 | NOTE | |
r-patched-linux-x86_64 | 0.1.1 | 3.15 | 36.70 | 39.85 | NOTE | |
r-release-linux-x86_64 | 0.1.1 | 3.12 | 37.71 | 40.83 | NOTE | |
r-release-macos-arm64 | 0.1.1 | 21.00 | NOTE | |||
r-release-windows-x86_64 | 0.1.1 | 4.00 | 52.00 | 56.00 | NOTE | |
r-oldrel-macos-arm64 | 0.1.1 | 20.00 | OK | |||
r-oldrel-macos-x86_64 | 0.1.1 | 29.00 | OK | |||
r-oldrel-windows-x86_64 | 0.1.1 | 4.00 | 60.00 | 64.00 | OK |
Version: 0.1.1
Check: Rd files
Result: NOTE
checkRd: (-1) flowdata.Rd:10: Lost braces; missing escapes or markup?
10 | \item{Flow}{Water flow, in m^{3}/s}
| ^
Flavors: r-devel-linux-x86_64-debian-clang, r-devel-linux-x86_64-debian-gcc, r-devel-linux-x86_64-fedora-clang, r-devel-linux-x86_64-fedora-gcc, r-devel-windows-x86_64, r-patched-linux-x86_64, r-release-linux-x86_64, r-release-macos-arm64, r-release-windows-x86_64