Last updated on 2025-11-04 07:49:53 CET.
| Flavor | Version | Tinstall | Tcheck | Ttotal | Status | Flags |
|---|---|---|---|---|---|---|
| r-devel-linux-x86_64-debian-clang | 0.2.1 | 19.58 | 103.07 | 122.65 | NOTE | |
| r-devel-linux-x86_64-debian-gcc | 0.2.1 | 12.92 | 74.56 | 87.48 | NOTE | |
| r-devel-linux-x86_64-fedora-clang | 0.2.1 | 40.00 | 147.40 | 187.40 | NOTE | |
| r-devel-linux-x86_64-fedora-gcc | 0.2.1 | 43.00 | 151.10 | 194.10 | NOTE | |
| r-devel-windows-x86_64 | 0.2.1 | 25.00 | 133.00 | 158.00 | NOTE | |
| r-patched-linux-x86_64 | 0.2.1 | 20.76 | 97.22 | 117.98 | NOTE | |
| r-release-linux-x86_64 | 0.2.1 | 19.28 | 97.54 | 116.82 | NOTE | |
| r-release-macos-arm64 | 0.2.1 | 9.00 | 61.00 | 70.00 | NOTE | |
| r-release-macos-x86_64 | 0.2.1 | 18.00 | 109.00 | 127.00 | NOTE | |
| r-release-windows-x86_64 | 0.2.1 | 24.00 | 129.00 | 153.00 | NOTE | |
| r-oldrel-macos-arm64 | 0.2.1 | 10.00 | 50.00 | 60.00 | OK | |
| r-oldrel-macos-x86_64 | 0.2.1 | 17.00 | 107.00 | 124.00 | OK | |
| r-oldrel-windows-x86_64 | 0.2.1 | 30.00 | 171.00 | 201.00 | OK |
Version: 0.2.1
Check: DESCRIPTION meta-information
Result: NOTE
Missing dependency on R >= 4.2.0 because package code uses the pipe
placeholder syntax added in R 4.2.0.
File(s) using such syntax:
‘00.helpers.R’ ‘01.firm_register.R’ ‘02.FOandFM.R’ ‘03.people.R’
‘04.FF_either.R’ ‘05.network&graph.R’
Flavors: r-devel-linux-x86_64-debian-clang, r-devel-linux-x86_64-debian-gcc, r-devel-linux-x86_64-fedora-clang, r-devel-linux-x86_64-fedora-gcc, r-devel-windows-x86_64, r-patched-linux-x86_64, r-release-linux-x86_64, r-release-macos-arm64, r-release-macos-x86_64, r-release-windows-x86_64