Last updated on 2024-05-12 13:56:48 CEST.
Flavor | Version | Tinstall | Tcheck | Ttotal | Status | Flags |
---|---|---|---|---|---|---|
r-devel-linux-x86_64-debian-clang | 2.2.1 | 5.72 | 46.33 | 52.05 | OK | |
r-devel-linux-x86_64-debian-gcc | 2.2.1 | 4.59 | 34.44 | 39.03 | OK | |
r-devel-linux-x86_64-fedora-clang | 2.2.1 | 67.10 | NOTE | |||
r-devel-linux-x86_64-fedora-gcc | 2.2.1 | 60.37 | NOTE | |||
r-devel-windows-x86_64 | 2.2.1 | 6.00 | 53.00 | 59.00 | OK | |
r-patched-linux-x86_64 | 2.2.1 | 3.82 | 43.65 | 47.47 | OK | |
r-release-linux-x86_64 | 2.2.1 | 4.13 | 42.74 | 46.87 | OK | |
r-release-macos-arm64 | 2.2.1 | 22.00 | OK | |||
r-release-windows-x86_64 | 2.2.1 | 7.00 | 53.00 | 60.00 | OK | |
r-oldrel-macos-arm64 | 2.2.1 | 24.00 | OK | |||
r-oldrel-macos-x86_64 | 2.2.1 | 37.00 | OK | |||
r-oldrel-windows-x86_64 | 2.2.1 | 7.00 | 56.00 | 63.00 | OK |
Version: 2.2.1
Check: dependencies in R code
Result: NOTE
Namespaces in Imports field not imported from:
‘base’ ‘data.table’
All declared Imports should be used.
Flavors: r-devel-linux-x86_64-fedora-clang, r-devel-linux-x86_64-fedora-gcc