Last updated on 2025-02-21 13:50:49 CET.
Flavor | Version | Tinstall | Tcheck | Ttotal | Status | Flags |
---|---|---|---|---|---|---|
r-devel-linux-x86_64-debian-clang | 2.11 | 38.05 | 213.96 | 252.01 | NOTE | |
r-devel-linux-x86_64-debian-gcc | 2.11 | 23.88 | 139.21 | 163.09 | NOTE | |
r-devel-linux-x86_64-fedora-clang | 2.11 | 405.72 | OK | |||
r-devel-linux-x86_64-fedora-gcc | 2.11 | 402.23 | OK | |||
r-devel-macos-arm64 | 2.11 | 113.00 | OK | |||
r-devel-macos-x86_64 | 2.11 | 216.00 | OK | |||
r-devel-windows-x86_64 | 2.11 | 39.00 | 198.00 | 237.00 | NOTE | |
r-patched-linux-x86_64 | 2.11 | 35.99 | 198.19 | 234.18 | OK | |
r-release-linux-x86_64 | 2.11 | 37.85 | 197.00 | 234.85 | OK | |
r-release-macos-arm64 | 2.11 | 104.00 | OK | |||
r-release-macos-x86_64 | 2.11 | 158.00 | OK | |||
r-release-windows-x86_64 | 2.11 | 40.00 | 194.00 | 234.00 | OK | |
r-oldrel-macos-arm64 | 2.11 | 107.00 | OK | |||
r-oldrel-macos-x86_64 | 2.11 | 211.00 | OK | |||
r-oldrel-windows-x86_64 | 2.11 | 54.00 | 238.00 | 292.00 | OK |
Version: 2.11
Check: Rd cross-references
Result: NOTE
Found the following Rd file(s) with Rd \link{} targets missing package
anchors:
HCPC.Rd: agnes
plotellipses.Rd: xyplot
Please provide package anchors for all Rd \link{} targets not in the
package itself and the base packages.
Flavors: r-devel-linux-x86_64-debian-clang, r-devel-linux-x86_64-debian-gcc, r-devel-windows-x86_64