CRAN Package Check Results for Package FIESTA

Last updated on 2025-06-30 15:49:38 CEST.

Flavor Version Tinstall Tcheck Ttotal Status Flags
r-devel-linux-x86_64-debian-clang 3.7.1 53.16 433.66 486.82 OK
r-devel-linux-x86_64-debian-gcc 3.7.1 31.01 270.53 301.54 OK
r-devel-linux-x86_64-fedora-clang 3.7.1 774.10 OK
r-devel-linux-x86_64-fedora-gcc 3.7.1 710.03 OK
r-devel-windows-x86_64 3.7.1 52.00 348.00 400.00 OK
r-patched-linux-x86_64 OK
r-release-linux-x86_64 3.7.1 48.77 397.43 446.20 OK
r-release-macos-arm64 3.7.1 200.00 OK
r-release-macos-x86_64 3.7.1 224.00 OK
r-release-windows-x86_64 3.7.1 48.00 344.00 392.00 OK
r-oldrel-macos-arm64 3.7.1 176.00 NOTE
r-oldrel-macos-x86_64 3.7.1 221.00 NOTE
r-oldrel-windows-x86_64 3.7.1 73.00 459.00 532.00 NOTE

Check Details

Version: 3.7.1
Check: installed package size
Result: NOTE installed size is 10.7Mb sub-directories of 1Mb or more: R 5.6Mb doc 1.4Mb extdata 2.1Mb Flavors: r-oldrel-macos-arm64, r-oldrel-macos-x86_64, r-oldrel-windows-x86_64