Last updated on 2025-02-22 12:50:26 CET.
Flavor | Version | Tinstall | Tcheck | Ttotal | Status | Flags |
---|---|---|---|---|---|---|
r-devel-linux-x86_64-debian-clang | 1.1.4 | 8.49 | 86.56 | 95.05 | NOTE | |
r-devel-linux-x86_64-debian-gcc | 1.1.4 | 7.27 | 64.49 | 71.76 | NOTE | |
r-devel-linux-x86_64-fedora-clang | 1.1.4 | 149.79 | OK | |||
r-devel-linux-x86_64-fedora-gcc | 1.1.4 | 166.20 | OK | |||
r-devel-macos-arm64 | 1.1.4 | 56.00 | OK | |||
r-devel-macos-x86_64 | 1.1.4 | 101.00 | OK | |||
r-devel-windows-x86_64 | 1.1.4 | 11.00 | 105.00 | 116.00 | NOTE | |
r-patched-linux-x86_64 | 1.1.4 | 13.58 | 81.39 | 94.97 | OK | |
r-release-linux-x86_64 | 1.1.4 | 9.45 | 80.90 | 90.35 | OK | |
r-release-macos-arm64 | 1.1.4 | 52.00 | OK | |||
r-release-macos-x86_64 | 1.1.4 | 78.00 | OK | |||
r-release-windows-x86_64 | 1.1.4 | 11.00 | 104.00 | 115.00 | OK | |
r-oldrel-macos-arm64 | 1.1.4 | 55.00 | OK | |||
r-oldrel-macos-x86_64 | 1.1.4 | 80.00 | OK | |||
r-oldrel-windows-x86_64 | 1.1.4 | 14.00 | 122.00 | 136.00 | OK |
Version: 1.1.4
Check: Rd cross-references
Result: NOTE
Found the following Rd file(s) with Rd \link{} targets missing package
anchors:
Regression.Integrator.PCR.SelMin.Config-class.Rd:
Regression.Integrator.Config-class
Regression.Integrator.PCR.SelMin.FitObj-class.Rd:
Regression.Integrator.FitObj-class
epcreg.Rd: Instance.List-class, Regression.CV.Batch.FitObj-class,
Regression.Batch.FitObj-class
epcreg.baselearner.control.Rd: rmse.error
Please provide package anchors for all Rd \link{} targets not in the
package itself and the base packages.
Flavors: r-devel-linux-x86_64-debian-clang, r-devel-linux-x86_64-debian-gcc, r-devel-windows-x86_64