CRAN Package Check Results for Package ECharts2Shiny

Last updated on 2025-11-04 07:49:51 CET.

Flavor Version Tinstall Tcheck Ttotal Status Flags
r-devel-linux-x86_64-debian-clang 0.2.13 3.57 38.72 42.29 OK
r-devel-linux-x86_64-debian-gcc 0.2.13 2.96 30.21 33.17 OK
r-devel-linux-x86_64-fedora-clang 0.2.13 65.70 OK
r-devel-linux-x86_64-fedora-gcc 0.2.13 10.00 68.03 78.03 OK
r-devel-windows-x86_64 0.2.13 5.00 59.00 64.00 OK
r-patched-linux-x86_64 0.2.13 3.98 36.74 40.72 OK
r-release-linux-x86_64 0.2.13 4.33 36.76 41.09 OK
r-release-macos-arm64 0.2.13 2.00 38.00 40.00 OK
r-release-macos-x86_64 0.2.13 4.00 53.00 57.00 OK
r-release-windows-x86_64 0.2.13 5.00 56.00 61.00 OK
r-oldrel-macos-arm64 0.2.13 2.00 29.00 31.00 NOTE
r-oldrel-macos-x86_64 0.2.13 3.00 39.00 42.00 NOTE
r-oldrel-windows-x86_64 0.2.13 8.00 69.00 77.00 NOTE

Check Details

Version: 0.2.13
Check: LazyData
Result: NOTE 'LazyData' is specified without a 'data' directory Flavors: r-oldrel-macos-arm64, r-oldrel-macos-x86_64, r-oldrel-windows-x86_64