Last updated on 2024-05-11 12:47:59 CEST.
Flavor | Version | Tinstall | Tcheck | Ttotal | Status | Flags |
---|---|---|---|---|---|---|
r-devel-linux-x86_64-debian-clang | 1.0 | 8.81 | 66.17 | 74.98 | NOTE | |
r-devel-linux-x86_64-debian-gcc | 1.0 | 6.52 | 49.21 | 55.73 | NOTE | |
r-devel-linux-x86_64-fedora-clang | 1.0 | 90.86 | NOTE | |||
r-devel-linux-x86_64-fedora-gcc | 1.0 | 84.86 | NOTE | |||
r-devel-windows-x86_64 | 1.0 | 7.00 | 64.00 | 71.00 | NOTE | |
r-patched-linux-x86_64 | 1.0 | 5.71 | 62.16 | 67.87 | NOTE | |
r-release-linux-x86_64 | 1.0 | 5.78 | 63.22 | 69.00 | NOTE | |
r-release-macos-arm64 | 1.0 | 29.00 | NOTE | |||
r-release-windows-x86_64 | 1.0 | 6.00 | 65.00 | 71.00 | NOTE | |
r-oldrel-macos-arm64 | 1.0 | 30.00 | NOTE | |||
r-oldrel-macos-x86_64 | 1.0 | 50.00 | NOTE | |||
r-oldrel-windows-x86_64 | 1.0 | 7.00 | 75.00 | 82.00 | NOTE |
Version: 1.0
Check: LazyData
Result: NOTE
'LazyData' is specified without a 'data' directory
Flavors: r-devel-linux-x86_64-debian-clang, r-devel-linux-x86_64-debian-gcc, r-devel-linux-x86_64-fedora-clang, r-devel-linux-x86_64-fedora-gcc, r-devel-windows-x86_64, r-patched-linux-x86_64, r-release-linux-x86_64, r-release-macos-arm64, r-release-windows-x86_64, r-oldrel-macos-arm64, r-oldrel-macos-x86_64, r-oldrel-windows-x86_64