Last updated on 2025-11-25 07:49:54 CET.
| Flavor | Version | Tinstall | Tcheck | Ttotal | Status | Flags |
|---|---|---|---|---|---|---|
| r-devel-linux-x86_64-debian-clang | 5.1 | 16.63 | 127.94 | 144.57 | NOTE | |
| r-devel-linux-x86_64-debian-gcc | 5.1 | 12.72 | 92.32 | 105.04 | NOTE | |
| r-devel-linux-x86_64-fedora-clang | 5.1 | 84.00 | 138.32 | 222.32 | OK | |
| r-devel-linux-x86_64-fedora-gcc | 5.1 | 37.00 | 165.72 | 202.72 | OK | |
| r-devel-windows-x86_64 | 5.1 | 18.00 | 136.00 | 154.00 | OK | |
| r-patched-linux-x86_64 | 5.1 | 16.74 | 117.33 | 134.07 | OK | |
| r-release-linux-x86_64 | 5.1 | 16.55 | 116.60 | 133.15 | OK | |
| r-release-macos-arm64 | 5.1 | OK | ||||
| r-release-macos-x86_64 | 5.1 | 12.00 | 87.00 | 99.00 | OK | |
| r-release-windows-x86_64 | 5.1 | 16.00 | 121.00 | 137.00 | OK | |
| r-oldrel-macos-arm64 | 5.1 | OK | ||||
| r-oldrel-macos-x86_64 | 5.1 | 18.00 | 126.00 | 144.00 | OK | |
| r-oldrel-windows-x86_64 | 5.1 | 25.00 | 159.00 | 184.00 | OK |
Version: 5.1
Check: CRAN incoming feasibility
Result: NOTE
Maintainer: ‘Amirhossein Jalali <amir.jalali@ul.ie>’
No Authors@R field in DESCRIPTION.
Please add one, modifying
Authors@R: c(person(given = "Amirhossein",
family = "Jalali",
role = c("aut", "cre"),
email = "amir.jalali@ul.ie"),
person(given = "Davood",
family = "Roshan",
role = "aut"),
person(given = "Alberto",
family = "Alvarez-Iglesias",
role = "aut"),
person(given = "John",
family = "Newell",
role = "aut"))
as necessary.
Flavors: r-devel-linux-x86_64-debian-clang, r-devel-linux-x86_64-debian-gcc