CRAN Package Check Results for Package DrillR

Last updated on 2025-11-16 07:49:31 CET.

Flavor Version Tinstall Tcheck Ttotal Status Flags
r-devel-linux-x86_64-debian-clang 0.1 2.27 21.31 23.58 NOTE
r-devel-linux-x86_64-debian-gcc 0.1 1.80 17.69 19.49 NOTE
r-devel-linux-x86_64-fedora-clang 0.1 34.59 OK
r-devel-linux-x86_64-fedora-gcc 0.1 33.75 OK
r-devel-windows-x86_64 0.1 4.00 41.00 45.00 OK
r-patched-linux-x86_64 0.1 1.80 20.21 22.01 OK
r-release-linux-x86_64 0.1 1.65 20.23 21.88 OK
r-release-macos-arm64 0.1 2.00 17.00 19.00 OK
r-release-macos-x86_64 0.1 2.00 25.00 27.00 OK
r-release-windows-x86_64 0.1 4.00 40.00 44.00 OK
r-oldrel-macos-arm64 0.1 1.00 15.00 16.00 OK
r-oldrel-macos-x86_64 0.1 2.00 20.00 22.00 OK
r-oldrel-windows-x86_64 0.1 4.00 46.00 50.00 OK

Check Details

Version: 0.1
Check: CRAN incoming feasibility
Result: NOTE Maintainer: ‘Hanbing Yang <hanbingflying@sina.com>’ No Authors@R field in DESCRIPTION. Please add one, modifying Authors@R: person(given = "Hanbing", family = "Yang", role = c("aut", "cre"), email = "hanbingflying@sina.com") as necessary. Flavors: r-devel-linux-x86_64-debian-clang, r-devel-linux-x86_64-debian-gcc