Last updated on 2025-11-04 07:49:51 CET.
| Flavor | Version | Tinstall | Tcheck | Ttotal | Status | Flags | 
|---|---|---|---|---|---|---|
| r-devel-linux-x86_64-debian-clang | 0.0.2 | 7.42 | 64.52 | 71.94 | NOTE | |
| r-devel-linux-x86_64-debian-gcc | 0.0.2 | 5.59 | 45.37 | 50.96 | NOTE | |
| r-devel-linux-x86_64-fedora-clang | 0.0.2 | 18.00 | 90.91 | 108.91 | OK | |
| r-devel-linux-x86_64-fedora-gcc | 0.0.2 | 17.00 | 85.09 | 102.09 | OK | |
| r-devel-windows-x86_64 | 0.0.2 | 10.00 | 71.00 | 81.00 | OK | |
| r-patched-linux-x86_64 | 0.0.2 | 7.46 | 57.27 | 64.73 | OK | |
| r-release-linux-x86_64 | 0.0.2 | 7.20 | 57.17 | 64.37 | OK | |
| r-release-macos-arm64 | 0.0.2 | 3.00 | 31.00 | 34.00 | OK | |
| r-release-macos-x86_64 | 0.0.2 | 5.00 | 45.00 | 50.00 | OK | |
| r-release-windows-x86_64 | 0.0.2 | 9.00 | 69.00 | 78.00 | OK | |
| r-oldrel-macos-arm64 | 0.0.2 | 3.00 | 25.00 | 28.00 | OK | |
| r-oldrel-macos-x86_64 | 0.0.2 | 4.00 | 37.00 | 41.00 | OK | |
| r-oldrel-windows-x86_64 | 0.0.2 | 13.00 | 87.00 | 100.00 | OK | 
Version: 0.0.2
Check: CRAN incoming feasibility
Result: NOTE
  Maintainer: ‘Christopher Casement <casementc@gmail.com>’
  
  Package CITATION file contains call(s) to old-style personList() or
  as.personList().  Please use c() on person objects instead.
  Package CITATION file contains call(s) to old-style citEntry().  Please
  use bibentry() instead.
Flavors: r-devel-linux-x86_64-debian-clang, r-devel-linux-x86_64-debian-gcc