Last updated on 2024-05-12 13:56:46 CEST.
Flavor | Version | Tinstall | Tcheck | Ttotal | Status | Flags |
---|---|---|---|---|---|---|
r-devel-linux-x86_64-debian-clang | 0.2.0.3 | 3.77 | 28.59 | 32.36 | NOTE | |
r-devel-linux-x86_64-debian-gcc | 0.2.0.3 | 2.89 | 21.18 | 24.07 | NOTE | |
r-devel-linux-x86_64-fedora-clang | 0.2.0.3 | 40.04 | NOTE | |||
r-devel-linux-x86_64-fedora-gcc | 0.2.0.3 | 37.41 | NOTE | |||
r-devel-windows-x86_64 | 0.2.0.3 | 4.00 | 44.00 | 48.00 | NOTE | |
r-patched-linux-x86_64 | 0.2.0.3 | 3.85 | 27.39 | 31.24 | NOTE | |
r-release-linux-x86_64 | 0.2.0.3 | 2.89 | 26.85 | 29.74 | NOTE | |
r-release-macos-arm64 | 0.2.0.3 | 16.00 | NOTE | |||
r-release-windows-x86_64 | 0.2.0.3 | 5.00 | 43.00 | 48.00 | NOTE | |
r-oldrel-macos-arm64 | 0.2.0.3 | 16.00 | NOTE | |||
r-oldrel-macos-x86_64 | 0.2.0.3 | 23.00 | NOTE | |||
r-oldrel-windows-x86_64 | 0.2.0.3 | 4.00 | 45.00 | 49.00 | NOTE |
Version: 0.2.0.3
Check: LazyData
Result: NOTE
'LazyData' is specified without a 'data' directory
Flavors: r-devel-linux-x86_64-debian-clang, r-devel-linux-x86_64-debian-gcc, r-devel-linux-x86_64-fedora-clang, r-devel-linux-x86_64-fedora-gcc, r-devel-windows-x86_64, r-patched-linux-x86_64, r-release-linux-x86_64, r-release-macos-arm64, r-release-windows-x86_64, r-oldrel-macos-arm64, r-oldrel-macos-x86_64, r-oldrel-windows-x86_64