Last updated on 2024-05-10 13:49:15 CEST.
Flavor | Version | Tinstall | Tcheck | Ttotal | Status | Flags |
---|---|---|---|---|---|---|
r-devel-linux-x86_64-debian-clang | 1.1 | 12.76 | 103.28 | 116.04 | NOTE | |
r-devel-linux-x86_64-debian-gcc | 1.1 | 8.81 | 75.41 | 84.22 | NOTE | |
r-devel-linux-x86_64-fedora-clang | 1.1 | 138.87 | NOTE | |||
r-devel-linux-x86_64-fedora-gcc | 1.1 | 130.51 | NOTE | |||
r-devel-windows-x86_64 | 1.1 | 10.00 | 83.00 | 93.00 | NOTE | |
r-patched-linux-x86_64 | 1.1 | 10.97 | 95.42 | 106.39 | NOTE | |
r-release-linux-x86_64 | 1.1 | 9.77 | 92.87 | 102.64 | NOTE | |
r-release-macos-arm64 | 1.1 | 41.00 | NOTE | |||
r-release-windows-x86_64 | 1.1 | 10.00 | 84.00 | 94.00 | NOTE | |
r-oldrel-macos-arm64 | 1.1 | 45.00 | NOTE | |||
r-oldrel-macos-x86_64 | 1.1 | 79.00 | NOTE | |||
r-oldrel-windows-x86_64 | 1.1 | 13.00 | 104.00 | 117.00 | NOTE |
Version: 1.1
Check: LazyData
Result: NOTE
'LazyData' is specified without a 'data' directory
Flavors: r-devel-linux-x86_64-debian-clang, r-devel-linux-x86_64-debian-gcc, r-devel-linux-x86_64-fedora-clang, r-devel-linux-x86_64-fedora-gcc, r-devel-windows-x86_64, r-patched-linux-x86_64, r-release-linux-x86_64, r-release-macos-arm64, r-release-windows-x86_64, r-oldrel-macos-arm64, r-oldrel-macos-x86_64, r-oldrel-windows-x86_64