CRAN Package Check Results for Package DRviaSPCN

Last updated on 2025-06-30 15:49:37 CEST.

Flavor Version Tinstall Tcheck Ttotal Status Flags
r-devel-linux-x86_64-debian-clang 0.1.5 54.99 461.06 516.05 OK
r-devel-linux-x86_64-debian-gcc 0.1.5 42.00 339.35 381.35 OK
r-devel-linux-x86_64-fedora-clang 0.1.5 905.81 OK
r-devel-linux-x86_64-fedora-gcc 0.1.5 882.22 OK
r-devel-windows-x86_64 0.1.5 61.00 382.00 443.00 OK
r-patched-linux-x86_64 OK
r-release-linux-x86_64 0.1.5 57.12 436.76 493.88 OK
r-release-macos-arm64 0.1.5 216.00 OK
r-release-macos-x86_64 0.1.5 417.00 OK
r-release-windows-x86_64 0.1.5 62.00 387.00 449.00 OK
r-oldrel-macos-arm64 0.1.5 182.00 NOTE
r-oldrel-macos-x86_64 0.1.5 326.00 NOTE
r-oldrel-windows-x86_64 0.1.5 76.00 499.00 575.00 OK

Check Details

Version: 0.1.5
Check: installed package size
Result: NOTE installed size is 5.6Mb sub-directories of 1Mb or more: data 5.4Mb Flavors: r-oldrel-macos-arm64, r-oldrel-macos-x86_64