Last updated on 2025-11-24 07:49:58 CET.
| Flavor | Version | Tinstall | Tcheck | Ttotal | Status | Flags |
|---|---|---|---|---|---|---|
| r-devel-linux-x86_64-debian-clang | 1.4.2 | 5.04 | 52.95 | 57.99 | NOTE | |
| r-devel-linux-x86_64-debian-gcc | 1.4.2 | 3.85 | 41.34 | 45.19 | NOTE | |
| r-devel-linux-x86_64-fedora-clang | 1.4.2 | 17.00 | 75.87 | 92.87 | OK | |
| r-devel-windows-x86_64 | 1.4.2 | 9.00 | 63.00 | 72.00 | OK | |
| r-patched-linux-x86_64 | 1.4.2 | 6.01 | 50.92 | 56.93 | OK | |
| r-release-linux-x86_64 | 1.4.2 | 5.49 | 50.52 | 56.01 | OK | |
| r-release-macos-arm64 | 1.4.2 | OK | ||||
| r-release-macos-x86_64 | 1.4.2 | 6.00 | 50.00 | 56.00 | OK | |
| r-release-windows-x86_64 | 1.4.2 | 7.00 | 75.00 | 82.00 | OK | |
| r-oldrel-macos-arm64 | 1.4.2 | OK | ||||
| r-oldrel-macos-x86_64 | 1.4.2 | 4.00 | 43.00 | 47.00 | OK | |
| r-oldrel-windows-x86_64 | 1.4.2 | 9.00 | 82.00 | 91.00 | OK |
Version: 1.4.2
Check: CRAN incoming feasibility
Result: NOTE
Maintainer: ‘Zhilong Jia <zhilongjia@gmail.com>’
Package CITATION file contains call(s) to old-style personList() or
as.personList(). Please use c() on person objects instead.
Package CITATION file contains call(s) to old-style citEntry(). Please
use bibentry() instead.
Flavors: r-devel-linux-x86_64-debian-clang, r-devel-linux-x86_64-debian-gcc