CRAN Package Check Results for Package DImodelsMulti

Last updated on 2025-11-24 07:49:58 CET.

Flavor Version Tinstall Tcheck Ttotal Status Flags
r-devel-linux-x86_64-debian-clang 1.2.0 4.37 120.57 124.94 OK
r-devel-linux-x86_64-debian-gcc 1.2.0 3.09 85.86 88.95 OK
r-devel-linux-x86_64-fedora-clang 1.2.0 24.00 179.48 203.48 OK
r-devel-windows-x86_64 1.2.0 8.00 156.00 164.00 NOTE
r-patched-linux-x86_64 1.2.0 5.23 114.01 119.24 OK
r-release-linux-x86_64 1.2.0 4.68 112.47 117.15 OK
r-release-macos-arm64 1.2.0 OK
r-release-macos-x86_64 1.2.0 4.00 147.00 151.00 OK
r-release-windows-x86_64 1.2.0 7.00 142.00 149.00 OK
r-oldrel-macos-arm64 1.2.0 OK
r-oldrel-macos-x86_64 1.2.0 4.00 160.00 164.00 OK
r-oldrel-windows-x86_64 1.2.0 9.00 178.00 187.00 OK

Check Details

Version: 1.2.0
Check: Rd files
Result: NOTE checkRd: (-1) simMV.Rd:74-79: Only 5 columns allowed in this table (row 1 has 1) checkRd: (-1) simMV.Rd:74-79: Only 5 columns allowed in this table (row 2 has 1) checkRd: (-1) simMV.Rd:74-79: Only 5 columns allowed in this table (row 3 has 1) checkRd: (-1) simMV.Rd:74-79: Only 5 columns allowed in this table (row 4 has 1) checkRd: (-1) simMVRM.Rd:75-79: Only 5 columns allowed in this table (row 1 has 1) checkRd: (-1) simMVRM.Rd:75-79: Only 5 columns allowed in this table (row 2 has 1) checkRd: (-1) simMVRM.Rd:75-79: Only 5 columns allowed in this table (row 3 has 1) checkRd: (-1) simMVRM.Rd:81-85: Only 5 columns allowed in this table (row 1 has 1) checkRd: (-1) simMVRM.Rd:81-85: Only 5 columns allowed in this table (row 2 has 1) checkRd: (-1) simRM.Rd:64-68: Only 5 columns allowed in this table (row 1 has 1) checkRd: (-1) simRM.Rd:64-68: Only 5 columns allowed in this table (row 2 has 1) checkRd: (-1) simRM.Rd:64-68: Only 5 columns allowed in this table (row 3 has 1) Flavor: r-devel-windows-x86_64