Last updated on 2025-02-21 13:50:45 CET.
Flavor | Version | Tinstall | Tcheck | Ttotal | Status | Flags |
---|---|---|---|---|---|---|
r-devel-linux-x86_64-debian-clang | 0.1.1 | 4.33 | 21.45 | 25.78 | OK | |
r-devel-linux-x86_64-debian-gcc | 0.1.1 | 4.14 | 17.46 | 21.60 | OK | |
r-devel-linux-x86_64-fedora-clang | 0.1.1 | 40.67 | OK | |||
r-devel-linux-x86_64-fedora-gcc | 0.1.1 | 41.77 | OK | |||
r-devel-macos-arm64 | 0.1.1 | 19.00 | OK | |||
r-devel-macos-x86_64 | 0.1.1 | 32.00 | OK | |||
r-devel-windows-x86_64 | 0.1.1 | 7.00 | 51.00 | 58.00 | OK | |
r-patched-linux-x86_64 | 0.1.1 | 4.40 | 20.56 | 24.96 | NOTE | |
r-release-linux-x86_64 | 0.1.1 | 5.07 | 20.26 | 25.33 | NOTE | |
r-release-macos-arm64 | 0.1.1 | 20.00 | NOTE | |||
r-release-macos-x86_64 | 0.1.1 | 26.00 | NOTE | |||
r-release-windows-x86_64 | 0.1.1 | 8.00 | 49.00 | 57.00 | NOTE | |
r-oldrel-macos-arm64 | 0.1.1 | 20.00 | NOTE | |||
r-oldrel-macos-x86_64 | 0.1.1 | 28.00 | NOTE | |||
r-oldrel-windows-x86_64 | 0.1.1 | 9.00 | 71.00 | 80.00 | NOTE |
Version: 0.1.1
Check: LazyData
Result: NOTE
'LazyData' is specified without a 'data' directory
Flavors: r-patched-linux-x86_64, r-release-linux-x86_64, r-release-macos-arm64, r-release-macos-x86_64, r-release-windows-x86_64, r-oldrel-macos-arm64, r-oldrel-macos-x86_64, r-oldrel-windows-x86_64