Last updated on 2025-11-16 07:49:30 CET.
| Flavor | Version | Tinstall | Tcheck | Ttotal | Status | Flags |
|---|---|---|---|---|---|---|
| r-devel-linux-x86_64-debian-clang | 2.0 | 2.84 | 27.50 | 30.34 | NOTE | |
| r-devel-linux-x86_64-debian-gcc | 2.0 | 2.07 | 21.71 | 23.78 | NOTE | |
| r-devel-linux-x86_64-fedora-clang | 2.0 | 22.00 | 26.31 | 48.31 | OK | |
| r-devel-linux-x86_64-fedora-gcc | 2.0 | 42.45 | OK | |||
| r-devel-windows-x86_64 | 2.0 | 6.00 | 46.00 | 52.00 | OK | |
| r-patched-linux-x86_64 | 2.0 | 2.54 | 25.90 | 28.44 | OK | |
| r-release-linux-x86_64 | 2.0 | 2.26 | 26.03 | 28.29 | OK | |
| r-release-macos-arm64 | 2.0 | 2.00 | 15.00 | 17.00 | OK | |
| r-release-macos-x86_64 | 2.0 | 5.00 | 40.00 | 45.00 | OK | |
| r-release-windows-x86_64 | 2.0 | 4.00 | 47.00 | 51.00 | OK | |
| r-oldrel-macos-arm64 | 2.0 | 2.00 | 14.00 | 16.00 | OK | |
| r-oldrel-macos-x86_64 | 2.0 | 2.00 | 23.00 | 25.00 | OK | |
| r-oldrel-windows-x86_64 | 2.0 | 5.00 | 54.00 | 59.00 | OK |
Version: 2.0
Check: CRAN incoming feasibility
Result: NOTE
Maintainer: ‘Shaofeng Zhang <shaofeng.zhang@wmich.edu>’
No Authors@R field in DESCRIPTION.
Please add one, modifying
Authors@R: c(person(given = c("Joseph", "W."),
family = "McKean",
role = "aut"),
person(given = "Shaofeng",
family = "Zhang",
role = c("aut", "cre"),
email = "shaofeng.zhang@wmich.edu"))
as necessary.
Flavors: r-devel-linux-x86_64-debian-clang, r-devel-linux-x86_64-debian-gcc