Last updated on 2024-05-04 12:47:54 CEST.
Flavor | Version | Tinstall | Tcheck | Ttotal | Status | Flags |
---|---|---|---|---|---|---|
r-devel-linux-x86_64-debian-clang | 1.2.2 | 9.58 | 98.52 | 108.10 | OK | |
r-devel-linux-x86_64-debian-gcc | 1.2.2 | 5.15 | 72.37 | 77.52 | OK | |
r-devel-linux-x86_64-fedora-clang | 1.2.2 | 139.08 | NOTE | |||
r-devel-linux-x86_64-fedora-gcc | 1.2.2 | 144.95 | OK | |||
r-devel-windows-x86_64 | 1.2.2 | 10.00 | 114.00 | 124.00 | OK | |
r-patched-linux-x86_64 | 1.2.2 | 13.12 | 91.69 | 104.81 | OK | |
r-release-linux-x86_64 | 1.2.2 | 8.59 | 90.72 | 99.31 | OK | |
r-release-macos-arm64 | 1.2.2 | 50.00 | OK | |||
r-release-macos-x86_64 | 1.2.2 | 167.00 | OK | |||
r-release-windows-x86_64 | 1.2.2 | 10.00 | 112.00 | 122.00 | OK | |
r-oldrel-macos-arm64 | 1.2.2 | 88.00 | OK | |||
r-oldrel-macos-x86_64 | 1.2.2 | 181.00 | OK | |||
r-oldrel-windows-x86_64 | 1.2.2 | 13.00 | 128.00 | 141.00 | OK |
Version: 1.2.2
Check: Rd cross-references
Result: NOTE
Undeclared package ‘withr’ in Rd xrefs
Flavor: r-devel-linux-x86_64-fedora-clang