Last updated on 2025-11-04 07:49:50 CET.
| Flavor | Version | Tinstall | Tcheck | Ttotal | Status | Flags | 
|---|---|---|---|---|---|---|
| r-devel-linux-x86_64-debian-clang | 4.6.0 | 140.48 | 728.37 | 868.85 | OK | |
| r-devel-linux-x86_64-debian-gcc | 4.6.0 | 89.08 | 445.53 | 534.61 | OK | |
| r-devel-linux-x86_64-fedora-clang | 4.6.0 | 464.00 | 1058.27 | 1522.27 | OK | |
| r-devel-linux-x86_64-fedora-gcc | 4.6.0 | 202.00 | 1149.40 | 1351.40 | OK | |
| r-devel-windows-x86_64 | 4.6.0 | 121.00 | 663.00 | 784.00 | OK | |
| r-patched-linux-x86_64 | 4.6.0 | 126.76 | 786.62 | 913.38 | OK | |
| r-release-linux-x86_64 | 4.6.0 | 128.11 | 731.21 | 859.32 | OK | |
| r-release-macos-arm64 | 4.6.0 | 68.00 | 226.00 | 294.00 | OK | |
| r-release-macos-x86_64 | 4.6.0 | 98.00 | 425.00 | 523.00 | OK | |
| r-release-windows-x86_64 | 4.6.0 | 120.00 | 690.00 | 810.00 | OK | |
| r-oldrel-macos-arm64 | 4.6.0 | 58.00 | 295.00 | 353.00 | NOTE | |
| r-oldrel-macos-x86_64 | 4.6.0 | 99.00 | 516.00 | 615.00 | NOTE | |
| r-oldrel-windows-x86_64 | 4.6.0 | 138.00 | 942.00 | 1080.00 | NOTE | 
Version: 4.6.0
Check: installed package size
Result: NOTE
    installed size is 39.0Mb
    sub-directories of 1Mb or more:
      libs  36.7Mb
Flavors: r-oldrel-macos-arm64, r-oldrel-macos-x86_64
Version: 4.6.0
Check: package dependencies
Result: NOTE
  Package which this enhances but not available for checking: 'doMC'
Flavor: r-oldrel-windows-x86_64