Last updated on 2025-06-30 15:49:36 CEST.
Flavor | Version | Tinstall | Tcheck | Ttotal | Status | Flags |
---|---|---|---|---|---|---|
r-devel-linux-x86_64-debian-clang | 3.5.8 | 104.79 | 148.50 | 253.29 | OK | |
r-devel-linux-x86_64-debian-gcc | 3.5.8 | 74.16 | 107.56 | 181.72 | OK | |
r-devel-linux-x86_64-fedora-clang | 3.5.8 | 411.74 | OK | |||
r-devel-linux-x86_64-fedora-gcc | 3.5.8 | 423.05 | OK | |||
r-devel-windows-x86_64 | 3.5.8 | 123.00 | 220.00 | 343.00 | OK | |
r-patched-linux-x86_64 | OK | |||||
r-release-linux-x86_64 | 3.5.8 | 97.81 | 139.59 | 237.40 | OK | |
r-release-macos-arm64 | 3.5.8 | 120.00 | OK | |||
r-release-macos-x86_64 | 3.5.8 | 187.00 | OK | |||
r-release-windows-x86_64 | 3.5.8 | 116.00 | 221.00 | 337.00 | OK | |
r-oldrel-macos-arm64 | 3.5.8 | 112.00 | NOTE | |||
r-oldrel-macos-x86_64 | 3.5.8 | 141.00 | NOTE | |||
r-oldrel-windows-x86_64 | 3.5.8 | 140.00 | 249.00 | 389.00 | OK |
Version: 3.5.8
Check: installed package size
Result: NOTE
installed size is 8.3Mb
sub-directories of 1Mb or more:
doc 1.9Mb
libs 5.3Mb
Flavors: r-oldrel-macos-arm64, r-oldrel-macos-x86_64