CRAN Package Check Results for Package CompositionalRF

Last updated on 2025-06-30 15:49:35 CEST.

Flavor Version Tinstall Tcheck Ttotal Status Flags
r-devel-linux-x86_64-debian-clang 1.2 24.33 94.79 119.12 OK
r-devel-linux-x86_64-debian-gcc 1.2 17.87 68.38 86.25 OK
r-devel-linux-x86_64-fedora-clang 1.2 194.17 OK
r-devel-linux-x86_64-fedora-gcc 1.2 199.90 OK
r-devel-windows-x86_64 1.2 33.00 116.00 149.00 OK
r-patched-linux-x86_64 OK
r-release-linux-x86_64 1.2 25.19 90.30 115.49 OK
r-release-macos-arm64 1.2 54.00 OK
r-release-macos-x86_64 1.2 109.00 OK
r-release-windows-x86_64 1.2 32.00 113.00 145.00 OK
r-oldrel-macos-arm64 1.2 61.00 NOTE
r-oldrel-macos-x86_64 1.2 101.00 NOTE
r-oldrel-windows-x86_64 1.2 43.00 145.00 188.00 NOTE

Check Details

Version: 1.2
Check: for GNU extensions in Makefiles
Result: NOTE GNU make is a SystemRequirements. Flavors: r-oldrel-macos-arm64, r-oldrel-macos-x86_64, r-oldrel-windows-x86_64