Last updated on 2024-05-11 12:47:57 CEST.
Flavor | Version | Tinstall | Tcheck | Ttotal | Status | Flags |
---|---|---|---|---|---|---|
r-devel-linux-x86_64-debian-clang | 1.1-0 | 2.98 | 27.72 | 30.70 | OK | |
r-devel-linux-x86_64-debian-gcc | 1.1-0 | 2.07 | 21.51 | 23.58 | OK | |
r-devel-linux-x86_64-fedora-clang | 1.1-0 | 38.81 | NOTE | |||
r-devel-linux-x86_64-fedora-gcc | 1.1-0 | 48.79 | OK | |||
r-devel-windows-x86_64 | 1.1-0 | 4.00 | 53.00 | 57.00 | NOTE | |
r-patched-linux-x86_64 | 1.1-0 | 3.33 | 25.97 | 29.30 | OK | |
r-release-linux-x86_64 | 1.1-0 | 3.77 | 26.63 | 30.40 | OK | |
r-release-macos-arm64 | 1.1-0 | 23.00 | NOTE | |||
r-release-macos-x86_64 | 1.1-0 | 82.00 | NOTE | |||
r-release-windows-x86_64 | 1.1-0 | 4.00 | 52.00 | 56.00 | NOTE | |
r-oldrel-macos-arm64 | 1.1-0 | 52.00 | NOTE | |||
r-oldrel-macos-x86_64 | 1.1-0 | 86.00 | NOTE | |||
r-oldrel-windows-x86_64 | 1.1-0 | 4.00 | 49.00 | 53.00 | NOTE |
Version: 1.1-0
Check: installed package size
Result: NOTE
installed size is 7.1Mb
sub-directories of 1Mb or more:
java 6.7Mb
Flavors: r-devel-linux-x86_64-fedora-clang, r-devel-windows-x86_64, r-release-macos-arm64, r-release-macos-x86_64, r-release-windows-x86_64, r-oldrel-macos-arm64, r-oldrel-macos-x86_64, r-oldrel-windows-x86_64