Last updated on 2025-11-25 07:49:51 CET.
| Flavor | Version | Tinstall | Tcheck | Ttotal | Status | Flags |
|---|---|---|---|---|---|---|
| r-devel-linux-x86_64-debian-clang | 0.7.1 | 32.02 | 183.10 | 215.12 | OK | |
| r-devel-linux-x86_64-debian-gcc | 0.7.1 | 22.94 | 132.11 | 155.05 | OK | |
| r-devel-linux-x86_64-fedora-clang | 0.7.1 | 66.00 | 260.89 | 326.89 | OK | |
| r-devel-linux-x86_64-fedora-gcc | 0.7.1 | 60.00 | 265.75 | 325.75 | OK | |
| r-devel-windows-x86_64 | 0.7.1 | 36.00 | 159.00 | 195.00 | OK | |
| r-patched-linux-x86_64 | 0.7.1 | 30.17 | 174.67 | 204.84 | OK | |
| r-release-linux-x86_64 | 0.7.1 | 33.90 | 172.39 | 206.29 | OK | |
| r-release-macos-arm64 | 0.7.1 | OK | ||||
| r-release-macos-x86_64 | 0.7.1 | 31.00 | 147.00 | 178.00 | OK | |
| r-release-windows-x86_64 | 0.7.1 | 31.00 | 157.00 | 188.00 | OK | |
| r-oldrel-macos-arm64 | 0.7.1 | NOTE | ||||
| r-oldrel-macos-x86_64 | 0.7.1 | 29.00 | 144.00 | 173.00 | NOTE | |
| r-oldrel-windows-x86_64 | 0.7.1 | 41.00 | 207.00 | 248.00 | NOTE |
Version: 0.7.1
Check: package dependencies
Result: NOTE
Depends: includes the non-default packages:
'C50', 'car', 'caret', 'corrplot', 'doParallel', 'dplyr', 'e1071',
'ggplot2', 'gt', 'ipred', 'MachineShop', 'magrittr', 'parallel',
'pls', 'purrr', 'randomForest', 'ranger', 'reactable',
'reactablefmtr', 'scales', 'tidyr', 'tree'
Adding so many packages to the search path is excessive and importing
selectively is preferable.
Flavors: r-oldrel-macos-arm64, r-oldrel-macos-x86_64, r-oldrel-windows-x86_64