Last updated on 2025-02-21 13:50:43 CET.
Flavor | Version | Tinstall | Tcheck | Ttotal | Status | Flags |
---|---|---|---|---|---|---|
r-devel-linux-x86_64-debian-clang | 1.0.1 | 6.30 | 83.91 | 90.21 | OK | |
r-devel-linux-x86_64-debian-gcc | 1.0.1 | 4.58 | 56.89 | 61.47 | OK | |
r-devel-linux-x86_64-fedora-clang | 1.0.1 | 146.63 | OK | |||
r-devel-linux-x86_64-fedora-gcc | 1.0.1 | 149.65 | OK | |||
r-devel-macos-arm64 | 1.0.1 | 51.00 | OK | |||
r-devel-macos-x86_64 | 1.0.1 | 141.00 | OK | |||
r-devel-windows-x86_64 | 1.0.1 | 9.00 | 97.00 | 106.00 | OK | |
r-patched-linux-x86_64 | 1.0.1 | 5.86 | 76.00 | 81.86 | OK | |
r-release-linux-x86_64 | 1.0.1 | 6.48 | 76.30 | 82.78 | OK | |
r-release-macos-arm64 | 1.0.1 | 55.00 | OK | |||
r-release-macos-x86_64 | 1.0.1 | 94.00 | OK | |||
r-release-windows-x86_64 | 1.0.1 | 9.00 | 98.00 | 107.00 | OK | |
r-oldrel-macos-arm64 | 1.0.0 | 55.00 | OK | |||
r-oldrel-macos-x86_64 | 1.0.1 | 109.00 | WARN | |||
r-oldrel-windows-x86_64 | 1.0.1 | 10.00 | 111.00 | 121.00 | WARN |
Version: 1.0.1
Check: examples
Result: WARN
Found the following significant warnings:
Warning: 'process_marker_data' is deprecated.
Deprecated functions may be defunct as soon as of the next release of
R.
See ?Deprecated.
Flavors: r-oldrel-macos-x86_64, r-oldrel-windows-x86_64