Last updated on 2025-11-04 07:49:49 CET.
| Flavor | Version | Tinstall | Tcheck | Ttotal | Status | Flags | 
|---|---|---|---|---|---|---|
| r-devel-linux-x86_64-debian-clang | 3.0.2 | 12.25 | 86.54 | 98.79 | NOTE | |
| r-devel-linux-x86_64-debian-gcc | 3.0.2 | 8.37 | 60.43 | 68.80 | NOTE | |
| r-devel-linux-x86_64-fedora-clang | 3.0.2 | 33.00 | 120.26 | 153.26 | NOTE | |
| r-devel-linux-x86_64-fedora-gcc | 3.0.2 | 67.00 | 82.44 | 149.44 | NOTE | |
| r-devel-windows-x86_64 | 3.0.2 | 14.00 | 91.00 | 105.00 | NOTE | |
| r-patched-linux-x86_64 | 3.0.2 | 11.67 | 76.95 | 88.62 | NOTE | |
| r-release-linux-x86_64 | 3.0.2 | 12.27 | 77.51 | 89.78 | NOTE | |
| r-release-macos-arm64 | 3.0.2 | 5.00 | 34.00 | 39.00 | OK | |
| r-release-macos-x86_64 | 3.0.2 | 8.00 | 50.00 | 58.00 | OK | |
| r-release-windows-x86_64 | 3.0.2 | 14.00 | 82.00 | 96.00 | NOTE | |
| r-oldrel-macos-arm64 | 3.0.2 | 5.00 | 35.00 | 40.00 | OK | |
| r-oldrel-macos-x86_64 | 3.0.2 | 8.00 | 59.00 | 67.00 | OK | |
| r-oldrel-windows-x86_64 | 3.0.2 | 20.00 | 109.00 | 129.00 | NOTE | 
Version: 3.0.2
Check: R code for possible problems
Result: NOTE
  .run_shiny_RsNLME : server: no visible global function definition for
    ‘addTablesToColumnMapping’
  Undefined global functions or variables:
    addTablesToColumnMapping
Flavors: r-devel-linux-x86_64-debian-clang, r-devel-linux-x86_64-debian-gcc, r-devel-linux-x86_64-fedora-clang, r-devel-linux-x86_64-fedora-gcc, r-devel-windows-x86_64, r-patched-linux-x86_64, r-release-linux-x86_64, r-release-windows-x86_64, r-oldrel-windows-x86_64