CRAN Package Check Results for Package Census2016

Last updated on 2025-06-30 15:49:34 CEST.

Flavor Version Tinstall Tcheck Ttotal Status Flags
r-devel-linux-x86_64-debian-clang 0.2.0 7.04 41.61 48.65 OK
r-devel-linux-x86_64-debian-gcc 0.2.0 5.11 32.86 37.97 OK
r-devel-linux-x86_64-fedora-clang 0.2.0 74.68 NOTE
r-devel-linux-x86_64-fedora-gcc 0.2.0 89.24 NOTE
r-devel-windows-x86_64 0.2.0 7.00 77.00 84.00 OK
r-patched-linux-x86_64 OK
r-release-linux-x86_64 0.2.0 7.26 39.36 46.62 OK
r-release-macos-arm64 0.2.0 37.00 OK
r-release-macos-x86_64 0.2.0 75.00 OK
r-release-windows-x86_64 0.2.0 9.00 79.00 88.00 OK
r-oldrel-macos-arm64 0.2.0 40.00 OK
r-oldrel-macos-x86_64 0.2.0 62.00 OK
r-oldrel-windows-x86_64 0.2.0 9.00 83.00 92.00 OK

Check Details

Version: 0.2.0
Check: dependencies in R code
Result: NOTE Namespace in Imports field not imported from: ‘data.table’ All declared Imports should be used. Flavors: r-devel-linux-x86_64-fedora-clang, r-devel-linux-x86_64-fedora-gcc