Last updated on 2024-05-12 13:56:46 CEST.
Flavor | Version | Tinstall | Tcheck | Ttotal | Status | Flags |
---|---|---|---|---|---|---|
r-devel-linux-x86_64-debian-clang | 1.0 | 4.70 | 52.22 | 56.92 | NOTE | |
r-devel-linux-x86_64-debian-gcc | 1.0 | 4.32 | 40.09 | 44.41 | NOTE | |
r-devel-linux-x86_64-fedora-clang | 1.0 | 75.20 | NOTE | |||
r-devel-linux-x86_64-fedora-gcc | 1.0 | 69.35 | NOTE | |||
r-devel-windows-x86_64 | 1.0 | 6.00 | 65.00 | 71.00 | NOTE | |
r-patched-linux-x86_64 | 1.0 | 5.78 | 50.03 | 55.81 | NOTE | |
r-release-linux-x86_64 | 1.0 | 5.24 | 49.40 | 54.64 | NOTE | |
r-release-macos-arm64 | 1.0 | 28.00 | NOTE | |||
r-release-windows-x86_64 | 1.0 | 7.00 | 64.00 | 71.00 | NOTE | |
r-oldrel-macos-arm64 | 1.0 | 29.00 | NOTE | |||
r-oldrel-macos-x86_64 | 1.0 | 42.00 | NOTE | |||
r-oldrel-windows-x86_64 | 1.0 | 8.00 | 71.00 | 79.00 | NOTE |
Version: 1.0
Check: LazyData
Result: NOTE
'LazyData' is specified without a 'data' directory
Flavors: r-devel-linux-x86_64-debian-clang, r-devel-linux-x86_64-debian-gcc, r-devel-linux-x86_64-fedora-clang, r-devel-linux-x86_64-fedora-gcc, r-devel-windows-x86_64, r-patched-linux-x86_64, r-release-linux-x86_64, r-release-macos-arm64, r-release-windows-x86_64, r-oldrel-macos-arm64, r-oldrel-macos-x86_64, r-oldrel-windows-x86_64