Last updated on 2025-02-21 13:50:44 CET.
Flavor | Version | Tinstall | Tcheck | Ttotal | Status | Flags |
---|---|---|---|---|---|---|
r-devel-linux-x86_64-debian-clang | 1.3.2 | 9.23 | 103.77 | 113.00 | OK | |
r-devel-linux-x86_64-debian-gcc | 1.3.2 | 4.34 | 72.45 | 76.79 | OK | |
r-devel-linux-x86_64-fedora-clang | 1.3.2 | 270.54 | OK | |||
r-devel-linux-x86_64-fedora-gcc | 1.3.2 | 263.91 | OK | |||
r-devel-macos-arm64 | 1.3.2 | 62.00 | OK | |||
r-devel-macos-x86_64 | 1.3.2 | 116.00 | OK | |||
r-devel-windows-x86_64 | 1.3.2 | 11.00 | 169.00 | 180.00 | OK | |
r-patched-linux-x86_64 | 1.3.2 | 9.25 | 97.52 | 106.77 | NOTE | |
r-release-linux-x86_64 | 1.3.2 | 9.22 | 100.22 | 109.44 | NOTE | |
r-release-macos-arm64 | 1.3.2 | 77.00 | NOTE | |||
r-release-macos-x86_64 | 1.3.2 | 119.00 | NOTE | |||
r-release-windows-x86_64 | 1.3.2 | 12.00 | 167.00 | 179.00 | OK | |
r-oldrel-macos-arm64 | 1.3.0 | 73.00 | NOTE | |||
r-oldrel-macos-x86_64 | 1.3.2 | 105.00 | NOTE | |||
r-oldrel-windows-x86_64 | 1.3.2 | 13.00 | 147.00 | 160.00 | NOTE |
Version: 1.3.2
Check: package dependencies
Result: NOTE
Package suggested but not available for checking: ‘INLA’
Flavors: r-patched-linux-x86_64, r-release-linux-x86_64, r-release-macos-arm64, r-release-macos-x86_64, r-oldrel-macos-x86_64, r-oldrel-windows-x86_64
Version: 1.3.0
Check: package dependencies
Result: NOTE
Package suggested but not available for checking: ‘INLA’
Flavor: r-oldrel-macos-arm64