Last updated on 2025-11-24 07:49:57 CET.
| Flavor | Version | Tinstall | Tcheck | Ttotal | Status | Flags |
|---|---|---|---|---|---|---|
| r-devel-linux-x86_64-debian-clang | 0.3.2 | 20.26 | 299.51 | 319.77 | NOTE | |
| r-devel-linux-x86_64-debian-gcc | 0.3.2 | 14.56 | 257.57 | 272.13 | NOTE | |
| r-devel-linux-x86_64-fedora-clang | 0.3.2 | 101.00 | 165.74 | 266.74 | NOTE | |
| r-devel-windows-x86_64 | 0.3.2 | 23.00 | 311.00 | 334.00 | NOTE | |
| r-patched-linux-x86_64 | 0.3.2 | 14.49 | 335.63 | 350.12 | NOTE | |
| r-release-linux-x86_64 | 0.3.2 | 20.07 | 331.61 | 351.68 | NOTE | |
| r-release-macos-arm64 | 0.3.2 | NOTE | ||||
| r-release-macos-x86_64 | 0.3.2 | 15.00 | 336.00 | 351.00 | NOTE | |
| r-release-windows-x86_64 | 0.3.2 | 22.00 | 307.00 | 329.00 | NOTE | |
| r-oldrel-macos-arm64 | 0.3.2 | OK | ||||
| r-oldrel-macos-x86_64 | 0.3.2 | 12.00 | 182.00 | 194.00 | OK | |
| r-oldrel-windows-x86_64 | 0.3.2 | 30.00 | 404.00 | 434.00 | OK |
Version: 0.3.2
Check: DESCRIPTION meta-information
Result: NOTE
Missing dependency on R >= 4.1.0 because package code uses the pipe
|> or function shorthand \(...) syntax added in R 4.1.0.
File(s) using such syntax:
‘CRMetrics.R’ ‘CRMetrics.Rd’ ‘inner_functions.R’
Flavors: r-devel-linux-x86_64-debian-clang, r-devel-linux-x86_64-debian-gcc, r-devel-linux-x86_64-fedora-clang, r-devel-windows-x86_64, r-patched-linux-x86_64, r-release-linux-x86_64, r-release-macos-arm64, r-release-windows-x86_64
Version: 0.3.2
Check: DESCRIPTION meta-information
Result: NOTE
Missing dependency on R >= 4.1.0 because package code uses the pipe
|> or function shorthand \(...) syntax added in R 4.1.0.
File(s) using such syntax:
‘CRMetrics.R’ ‘inner_functions.R’
Flavor: r-release-macos-x86_64