Last updated on 2024-05-09 12:49:08 CEST.
Flavor | Version | Tinstall | Tcheck | Ttotal | Status | Flags |
---|---|---|---|---|---|---|
r-devel-linux-x86_64-debian-clang | 0.2.1 | 15.37 | 100.35 | 115.72 | NOTE | |
r-devel-linux-x86_64-debian-gcc | 0.2.1 | 10.69 | 74.42 | 85.11 | NOTE | |
r-devel-linux-x86_64-fedora-clang | 0.2.1 | 146.01 | NOTE | |||
r-devel-linux-x86_64-fedora-gcc | 0.2.1 | 135.99 | NOTE | |||
r-devel-windows-x86_64 | 0.2.1 | 12.00 | 87.00 | 99.00 | NOTE | |
r-patched-linux-x86_64 | 0.2.1 | 9.02 | 97.05 | 106.07 | NOTE | |
r-release-linux-x86_64 | 0.2.1 | 8.01 | 95.50 | 103.51 | NOTE | |
r-release-macos-arm64 | 0.2.1 | 43.00 | NOTE | |||
r-release-windows-x86_64 | 0.2.1 | 11.00 | 85.00 | 96.00 | NOTE | |
r-oldrel-macos-arm64 | 0.2.1 | 46.00 | OK | |||
r-oldrel-macos-x86_64 | 0.2.1 | 72.00 | OK | |||
r-oldrel-windows-x86_64 | 0.2.1 | 17.00 | 103.00 | 120.00 | OK |
Version: 0.2.1
Check: Rd files
Result: NOTE
checkRd: (-1) sharedat.Rd:23: Lost braces
23 | \doi{10.7910/DVN/YXMQZM}{Harvard dataverse}
| ^
Flavors: r-devel-linux-x86_64-debian-clang, r-devel-linux-x86_64-debian-gcc, r-devel-linux-x86_64-fedora-clang, r-devel-linux-x86_64-fedora-gcc, r-devel-windows-x86_64, r-patched-linux-x86_64, r-release-linux-x86_64, r-release-macos-arm64, r-release-windows-x86_64