CRAN Package Check Results for Package COMIX

Last updated on 2025-07-01 13:49:49 CEST.

Flavor Version Tinstall Tcheck Ttotal Status Flags
r-devel-linux-x86_64-debian-clang 1.0.0 107.80 75.19 182.99 NOTE
r-devel-linux-x86_64-debian-gcc 1.0.0 81.91 52.16 134.07 NOTE
r-devel-linux-x86_64-fedora-clang 1.0.0 333.50 NOTE
r-devel-linux-x86_64-fedora-gcc 1.0.0 338.19 NOTE
r-devel-windows-x86_64 1.0.0 120.00 105.00 225.00 NOTE
r-patched-linux-x86_64 NOTE
r-release-linux-x86_64 1.0.0 114.79 68.53 183.32 NOTE
r-release-macos-arm64 1.0.0 74.00 NOTE
r-release-macos-x86_64 1.0.0 128.00 NOTE
r-release-windows-x86_64 1.0.0 122.00 108.00 230.00 NOTE
r-oldrel-macos-arm64 1.0.0 76.00 NOTE
r-oldrel-macos-x86_64 1.0.0 92.00 NOTE
r-oldrel-windows-x86_64 1.0.0 147.00 129.00 276.00 NOTE

Check Details

Version: 1.0.0
Check: CRAN incoming feasibility
Result: NOTE Maintainer: ‘S. Gorsky <sgorsky@umass.edu>’ The Description field contains information, see Gorsky, Chan and Ma (2020) <arXiv:2001.06451>. Please refer to arXiv e-prints via their arXiv DOI <doi:10.48550/arXiv.YYMM.NNNNN>. Flavors: r-devel-linux-x86_64-debian-clang, r-devel-linux-x86_64-debian-gcc

Version: 1.0.0
Check: C++ specification
Result: NOTE Specified C++11: please drop specification unless essential Flavors: r-devel-linux-x86_64-debian-clang, r-devel-linux-x86_64-debian-gcc, r-devel-linux-x86_64-fedora-clang, r-devel-linux-x86_64-fedora-gcc, r-devel-windows-x86_64, r-patched-linux-x86_64, r-release-linux-x86_64, r-release-macos-arm64, r-release-macos-x86_64, r-release-windows-x86_64, r-oldrel-macos-arm64, r-oldrel-macos-x86_64, r-oldrel-windows-x86_64

Version: 1.0.0
Check: installed package size
Result: NOTE installed size is 16.2Mb sub-directories of 1Mb or more: doc 1.8Mb libs 14.2Mb Flavors: r-oldrel-macos-arm64, r-oldrel-macos-x86_64