Last updated on 2025-11-24 07:49:56 CET.
| Flavor | Version | Tinstall | Tcheck | Ttotal | Status | Flags |
|---|---|---|---|---|---|---|
| r-devel-linux-x86_64-debian-clang | 1.2.2 | 11.36 | 82.63 | 93.99 | NOTE | |
| r-devel-linux-x86_64-debian-gcc | 1.2.2 | 6.70 | 59.65 | 66.35 | NOTE | |
| r-devel-linux-x86_64-fedora-clang | 1.2.2 | 34.00 | 116.02 | 150.02 | OK | |
| r-devel-windows-x86_64 | 1.2.2 | 13.00 | 89.00 | 102.00 | OK | |
| r-patched-linux-x86_64 | 1.2.2 | 9.21 | 79.16 | 88.37 | OK | |
| r-release-linux-x86_64 | 1.2.2 | 10.12 | 79.14 | 89.26 | OK | |
| r-release-macos-arm64 | 1.2.2 | OK | ||||
| r-release-macos-x86_64 | 1.2.2 | 9.00 | 66.00 | 75.00 | OK | |
| r-release-windows-x86_64 | 1.2.2 | 12.00 | 97.00 | 109.00 | OK | |
| r-oldrel-macos-arm64 | 1.2.2 | OK | ||||
| r-oldrel-macos-x86_64 | 1.2.2 | 7.00 | 52.00 | 59.00 | OK | |
| r-oldrel-windows-x86_64 | 1.2.2 | 14.00 | 111.00 | 125.00 | OK |
Version: 1.2.2
Check: CRAN incoming feasibility
Result: NOTE
Maintainer: ‘Sébastien Déjean <sebastien.dejean@math.univ-toulouse.fr>’
No Authors@R field in DESCRIPTION.
Please add one, modifying
Authors@R: c(person(given = "Ignacio",
family = "González",
role = "aut"),
person(given = "Sébastien",
family = "Déjean",
role = c("aut", "cre"),
email = "sebastien.dejean@math.univ-toulouse.fr"))
as necessary.
Flavors: r-devel-linux-x86_64-debian-clang, r-devel-linux-x86_64-debian-gcc