Last updated on 2024-05-11 12:47:55 CEST.
Flavor | Version | Tinstall | Tcheck | Ttotal | Status | Flags |
---|---|---|---|---|---|---|
r-devel-linux-x86_64-debian-clang | 0.9.7 | 6.79 | 28.17 | 34.96 | OK | |
r-devel-linux-x86_64-debian-gcc | 0.9.7 | 4.51 | 21.59 | 26.10 | OK | |
r-devel-linux-x86_64-fedora-clang | 0.9.7 | 42.65 | NOTE | |||
r-devel-linux-x86_64-fedora-gcc | 0.9.7 | 42.16 | NOTE | |||
r-devel-windows-x86_64 | 0.9.7 | 7.00 | 78.00 | 85.00 | OK | |
r-patched-linux-x86_64 | 0.9.7 | 5.70 | 26.72 | 32.42 | OK | |
r-release-linux-x86_64 | 0.9.7 | 5.65 | 27.34 | 32.99 | OK | |
r-release-macos-arm64 | 0.9.7 | 17.00 | OK | |||
r-release-windows-x86_64 | 0.9.7 | 7.00 | 43.00 | 50.00 | OK | |
r-oldrel-macos-arm64 | 0.9.7 | 22.00 | OK | |||
r-oldrel-macos-x86_64 | 0.9.7 | 39.00 | OK | |||
r-oldrel-windows-x86_64 | 0.9.7 | 12.00 | 42.00 | 54.00 | OK |
Version: 0.9.7
Check: compiled code
Result: NOTE
File ‘Branching/libs/Branching.so’:
Found no calls to: ‘R_registerRoutines’, ‘R_useDynamicSymbols’
It is good practice to register native routines and to disable symbol
search.
See ‘Writing portable packages’ in the ‘Writing R Extensions’ manual.
Flavors: r-devel-linux-x86_64-fedora-clang, r-devel-linux-x86_64-fedora-gcc