CRAN Package Check Results for Package BioVenn

Last updated on 2025-06-30 15:49:33 CEST.

Flavor Version Tinstall Tcheck Ttotal Status Flags
r-devel-linux-x86_64-debian-clang 1.1.3 20.35 173.82 194.17 NOTE
r-devel-linux-x86_64-debian-gcc 1.1.3 13.58 122.09 135.67 NOTE
r-devel-linux-x86_64-fedora-clang 1.1.3 332.96 OK
r-devel-linux-x86_64-fedora-gcc 1.1.3 325.17 OK
r-devel-windows-x86_64 1.1.3 20.00 146.00 166.00 OK
r-patched-linux-x86_64 OK
r-release-linux-x86_64 1.1.3 20.15 163.02 183.17 OK
r-release-macos-arm64 1.1.3 91.00 OK
r-release-macos-x86_64 1.1.3 177.00 OK
r-release-windows-x86_64 1.1.3 20.00 144.00 164.00 OK
r-oldrel-macos-arm64 1.1.3 84.00 OK
r-oldrel-macos-x86_64 1.1.3 126.00 OK
r-oldrel-windows-x86_64 1.1.3 28.00 200.00 228.00 OK

Check Details

Version: 1.1.3
Check: CRAN incoming feasibility
Result: NOTE Maintainer: ‘Tim Hulsen <thulsen@gmail.com>’ Package CITATION file contains call(s) to old-style personList() or as.personList(). Please use c() on person objects instead. Flavors: r-devel-linux-x86_64-debian-clang, r-devel-linux-x86_64-debian-gcc