Last updated on 2025-11-04 07:49:48 CET.
| Flavor | Version | Tinstall | Tcheck | Ttotal | Status | Flags | 
|---|---|---|---|---|---|---|
| r-devel-linux-x86_64-debian-clang | 1.5.2 | 8.66 | 74.72 | 83.38 | NOTE | |
| r-devel-linux-x86_64-debian-gcc | 1.5.2 | 5.63 | 53.67 | 59.30 | NOTE | |
| r-devel-linux-x86_64-fedora-clang | 1.5.2 | 17.00 | 110.84 | 127.84 | OK | |
| r-devel-linux-x86_64-fedora-gcc | 1.5.2 | 18.00 | 104.33 | 122.33 | OK | |
| r-devel-windows-x86_64 | 1.5.2 | 10.00 | 82.00 | 92.00 | OK | |
| r-patched-linux-x86_64 | 1.5.2 | 8.84 | 70.30 | 79.14 | OK | |
| r-release-linux-x86_64 | 1.5.2 | 8.34 | 72.31 | 80.65 | OK | |
| r-release-macos-arm64 | 1.5.2 | 3.00 | 31.00 | 34.00 | OK | |
| r-release-macos-x86_64 | 1.5.2 | 6.00 | 49.00 | 55.00 | OK | |
| r-release-windows-x86_64 | 1.5.2 | 9.00 | 79.00 | 88.00 | OK | |
| r-oldrel-macos-arm64 | 1.5.2 | 3.00 | 31.00 | 34.00 | OK | |
| r-oldrel-macos-x86_64 | 1.5.2 | 5.00 | 42.00 | 47.00 | OK | |
| r-oldrel-windows-x86_64 | 1.5.2 | 12.00 | 100.00 | 112.00 | OK | 
Version: 1.5.2
Check: CRAN incoming feasibility
Result: NOTE
  Maintainer: ‘Ran Gao <rgao8@uic.edu>’
  
  No Authors@R field in DESCRIPTION.
  Please add one, modifying
    Authors@R: c(person(given = "Hakan",
                        family = "Demirtas",
                        role = "aut"),
                 person(given = "Yue",
                        family = "Wang",
                        role = "aut"),
                 person(given = "Rawan",
                        family = "Allozi",
                        role = "aut"),
                 person(given = "Ran",
                        family = "Gao",
                        role = c("aut", "cre"),
                        email = "rgao8@uic.edu"))
  as necessary.
Flavors: r-devel-linux-x86_64-debian-clang, r-devel-linux-x86_64-debian-gcc