Last updated on 2025-06-30 15:49:33 CEST.
Flavor | Version | Tinstall | Tcheck | Ttotal | Status | Flags |
---|---|---|---|---|---|---|
r-devel-linux-x86_64-debian-clang | 0.1.0 | 91.38 | 294.02 | 385.40 | OK | |
r-devel-linux-x86_64-debian-gcc | 0.1.0 | 66.96 | 241.16 | 308.12 | OK | |
r-devel-linux-x86_64-fedora-clang | 0.1.0 | 595.35 | OK | |||
r-devel-linux-x86_64-fedora-gcc | 0.1.0 | 620.38 | OK | |||
r-devel-windows-x86_64 | 0.1.0 | 102.00 | 301.00 | 403.00 | OK | |
r-patched-linux-x86_64 | OK | |||||
r-release-linux-x86_64 | 0.1.0 | 89.44 | 299.27 | 388.71 | OK | |
r-release-macos-arm64 | 0.1.0 | 185.00 | OK | |||
r-release-macos-x86_64 | 0.1.0 | 392.00 | OK | |||
r-release-windows-x86_64 | 0.1.0 | 99.00 | 300.00 | 399.00 | OK | |
r-oldrel-macos-arm64 | 0.1.0 | 183.00 | NOTE | |||
r-oldrel-macos-x86_64 | 0.1.0 | 323.00 | NOTE | |||
r-oldrel-windows-x86_64 | 0.1.0 | 121.00 | 393.00 | 514.00 | OK |
Version: 0.1.0
Check: installed package size
Result: NOTE
installed size is 7.1Mb
sub-directories of 1Mb or more:
libs 5.7Mb
Flavors: r-oldrel-macos-arm64, r-oldrel-macos-x86_64