Last updated on 2025-06-30 15:49:33 CEST.
Flavor | Version | Tinstall | Tcheck | Ttotal | Status | Flags |
---|---|---|---|---|---|---|
r-devel-linux-x86_64-debian-clang | 2.2.4 | 233.30 | 199.75 | 433.05 | OK | |
r-devel-linux-x86_64-debian-gcc | 2.2.5 | 156.62 | 126.68 | 283.30 | OK | |
r-devel-linux-x86_64-fedora-clang | 2.2.4 | 794.89 | OK | |||
r-devel-linux-x86_64-fedora-gcc | 2.2.5 | 791.07 | OK | |||
r-devel-windows-x86_64 | 2.2.5 | 262.00 | 246.00 | 508.00 | OK | |
r-patched-linux-x86_64 | OK | |||||
r-release-linux-x86_64 | 2.2.5 | 221.88 | 179.30 | 401.18 | OK | |
r-release-macos-arm64 | 2.2.4 | 180.00 | OK | |||
r-release-macos-x86_64 | 2.2.5 | 245.00 | OK | |||
r-release-windows-x86_64 | 2.2.4 | 256.00 | 249.00 | 505.00 | OK | |
r-oldrel-macos-arm64 | 2.2.4 | 163.00 | NOTE | |||
r-oldrel-macos-x86_64 | 2.2.5 | 246.00 | NOTE | |||
r-oldrel-windows-x86_64 | 2.2.5 | 196.00 | 252.00 | 448.00 | NOTE |
Version: 2.2.4
Check: installed package size
Result: NOTE
installed size is 13.9Mb
sub-directories of 1Mb or more:
doc 2.7Mb
libs 10.4Mb
Flavor: r-oldrel-macos-arm64
Version: 2.2.5
Check: installed package size
Result: NOTE
installed size is 14.5Mb
sub-directories of 1Mb or more:
doc 2.7Mb
libs 11.0Mb
Flavors: r-oldrel-macos-x86_64, r-oldrel-windows-x86_64