Last updated on 2025-11-04 07:49:47 CET.
| Flavor | Version | Tinstall | Tcheck | Ttotal | Status | Flags | 
|---|---|---|---|---|---|---|
| r-devel-linux-x86_64-debian-clang | 0.9.12-4.7 | 179.79 | 369.64 | 549.43 | OK | |
| r-devel-linux-x86_64-debian-gcc | 0.9.12-4.7 | 127.41 | 261.91 | 389.32 | OK | |
| r-devel-linux-x86_64-fedora-clang | 0.9.12-4.7 | 547.00 | 369.91 | 916.91 | OK | |
| r-devel-linux-x86_64-fedora-gcc | 0.9.12-4.7 | 297.00 | 569.68 | 866.68 | OK | |
| r-devel-windows-x86_64 | 0.9.12-4.7 | 221.00 | 285.00 | 506.00 | OK | |
| r-patched-linux-x86_64 | 0.9.12-4.7 | 179.27 | 367.32 | 546.59 | OK | |
| r-release-linux-x86_64 | 0.9.12-4.7 | 190.90 | 370.62 | 561.52 | OK | |
| r-release-macos-arm64 | 0.9.12-4.7 | 75.00 | 153.00 | 228.00 | OK | |
| r-release-macos-x86_64 | 0.9.12-4.7 | 64.00 | 308.00 | 372.00 | OK | |
| r-release-windows-x86_64 | 0.9.12-4.7 | 199.00 | 283.00 | 482.00 | OK | |
| r-oldrel-macos-arm64 | 0.9.12-4.7 | 77.00 | 109.00 | 186.00 | NOTE | |
| r-oldrel-macos-x86_64 | 0.9.12-4.7 | 55.00 | 182.00 | 237.00 | NOTE | |
| r-oldrel-windows-x86_64 | 0.9.12-4.7 | 242.00 | 375.00 | 617.00 | NOTE | 
Version: 0.9.12-4.7
Check: installed package size
Result: NOTE
    installed size is 31.8Mb
    sub-directories of 1Mb or more:
      doc   10.9Mb
      libs  19.8Mb
Flavors: r-oldrel-macos-arm64, r-oldrel-macos-x86_64, r-oldrel-windows-x86_64
Version: 0.9.12-4.7
Check: package dependencies
Result: NOTE
  Package suggested but not available for checking: 'doMC'
Flavor: r-oldrel-windows-x86_64