Last updated on 2024-05-04 12:47:51 CEST.
Flavor | Version | Tinstall | Tcheck | Ttotal | Status | Flags |
---|---|---|---|---|---|---|
r-devel-linux-x86_64-debian-clang | 0.1.5 | 2.46 | 2.46 | 4.92 | ERROR | |
r-devel-linux-x86_64-debian-gcc | 0.1.5 | 15.51 | 63.51 | 79.02 | OK | |
r-devel-linux-x86_64-fedora-clang | 0.1.5 | 7.59 | ERROR | |||
r-devel-linux-x86_64-fedora-gcc | 0.1.5 | 127.68 | OK | |||
r-devel-windows-x86_64 | 0.1.5 | 37.00 | 90.00 | 127.00 | OK | |
r-patched-linux-x86_64 | 0.1.5 | 18.31 | 82.93 | 101.24 | OK | |
r-release-linux-x86_64 | 0.1.5 | 16.17 | 84.36 | 100.53 | OK | |
r-release-macos-arm64 | 0.1.5 | 46.00 | OK | |||
r-release-windows-x86_64 | 0.1.5 | 33.00 | 89.00 | 122.00 | OK | |
r-oldrel-macos-arm64 | 0.1.5 | 52.00 | OK | |||
r-oldrel-macos-x86_64 | 0.1.5 | 67.00 | OK | |||
r-oldrel-windows-x86_64 | 0.1.5 | 37.00 | 103.00 | 140.00 | OK |
Version: 0.1.5
Check: whether package can be installed
Result: ERROR
Installation failed.
Flavors: r-devel-linux-x86_64-debian-clang, r-devel-linux-x86_64-fedora-clang