CRAN Package Check Results for Package BSS

Last updated on 2025-11-24 07:49:56 CET.

Flavor Version Tinstall Tcheck Ttotal Status Flags
r-devel-linux-x86_64-debian-clang 0.1.0 2.42 27.79 30.21 NOTE
r-devel-linux-x86_64-debian-gcc 0.1.0 1.79 21.63 23.42 NOTE
r-devel-linux-x86_64-fedora-clang 0.1.0 11.00 36.78 47.78 OK
r-devel-windows-x86_64 0.1.0 6.00 48.00 54.00 OK
r-patched-linux-x86_64 0.1.0 2.72 26.02 28.74 OK
r-release-linux-x86_64 0.1.0 2.59 25.74 28.33 OK
r-release-macos-arm64 0.1.0 OK
r-release-macos-x86_64 0.1.0 2.00 27.00 29.00 OK
r-release-windows-x86_64 0.1.0 4.00 48.00 52.00 OK
r-oldrel-macos-arm64 0.1.0 NOTE
r-oldrel-macos-x86_64 0.1.0 2.00 23.00 25.00 NOTE
r-oldrel-windows-x86_64 0.1.0 6.00 53.00 59.00 NOTE

Check Details

Version: 0.1.0
Check: CRAN incoming feasibility
Result: NOTE Maintainer: ‘Phillip Murray <phillip.murray18@imperial.ac.uk>’ The Description field contains Pakkannen (2017) <arXiv:1507.03004v4>, as well as functions to fit BSS Please refer to arXiv e-prints via their arXiv DOI <doi:10.48550/arXiv.YYMM.NNNNN>. Flavors: r-devel-linux-x86_64-debian-clang, r-devel-linux-x86_64-debian-gcc

Version: 0.1.0
Check: LazyData
Result: NOTE 'LazyData' is specified without a 'data' directory Flavors: r-oldrel-macos-arm64, r-oldrel-macos-x86_64, r-oldrel-windows-x86_64