Last updated on 2025-06-30 15:49:33 CEST.
Flavor | Version | Tinstall | Tcheck | Ttotal | Status | Flags |
---|---|---|---|---|---|---|
r-devel-linux-x86_64-debian-clang | 2023.3.8 | 10.55 | 153.31 | 163.86 | NOTE | |
r-devel-linux-x86_64-debian-gcc | 2023.3.8 | 7.08 | 98.54 | 105.62 | NOTE | |
r-devel-linux-x86_64-fedora-clang | 2023.3.8 | 260.20 | NOTE | |||
r-devel-linux-x86_64-fedora-gcc | 2023.3.8 | 259.65 | NOTE | |||
r-devel-windows-x86_64 | 2023.3.8 | 14.00 | 218.00 | 232.00 | NOTE | |
r-patched-linux-x86_64 | NOTE | |||||
r-release-linux-x86_64 | 2023.3.8 | 10.41 | 139.11 | 149.52 | NOTE | |
r-release-macos-arm64 | 2023.3.8 | 72.00 | NOTE | |||
r-release-macos-x86_64 | 2023.3.8 | 162.00 | NOTE | |||
r-release-windows-x86_64 | 2023.3.8 | 16.00 | 214.00 | 230.00 | NOTE | |
r-oldrel-macos-arm64 | 2023.3.8 | 72.00 | NOTE | |||
r-oldrel-macos-x86_64 | 2023.3.8 | 160.00 | NOTE | |||
r-oldrel-windows-x86_64 | 2023.3.8 | 18.00 | 261.00 | 279.00 | NOTE |
Version: 2023.3.8
Check: Rd files
Result: NOTE
checkRd: (-1) MvInv.Rd:23-35: Lost braces
23 | function(eps, u = 0.5, alpha = 1, kappa = 1, gama = 1 / 2, N = 3001) {
| ^
checkRd: (-1) dt_.Rd:19-21: Lost braces
19 | function(x, df, mean, sd) {
| ^
Flavors: r-devel-linux-x86_64-debian-clang, r-devel-linux-x86_64-debian-gcc, r-devel-linux-x86_64-fedora-clang, r-devel-linux-x86_64-fedora-gcc, r-devel-windows-x86_64, r-patched-linux-x86_64, r-release-linux-x86_64, r-release-macos-arm64, r-release-macos-x86_64, r-release-windows-x86_64, r-oldrel-macos-arm64, r-oldrel-macos-x86_64, r-oldrel-windows-x86_64