Last updated on 2025-06-30 15:49:33 CEST.
Flavor | Version | Tinstall | Tcheck | Ttotal | Status | Flags |
---|---|---|---|---|---|---|
r-devel-linux-x86_64-debian-clang | 2.1.5 | 90.87 | 404.72 | 495.59 | OK | |
r-devel-linux-x86_64-debian-gcc | 2.1.5 | 66.93 | 275.75 | 342.68 | OK | |
r-devel-linux-x86_64-fedora-clang | 2.1.5 | 821.50 | OK | |||
r-devel-linux-x86_64-fedora-gcc | 2.1.5 | 764.65 | OK | |||
r-devel-windows-x86_64 | 2.1.5 | 89.00 | 396.00 | 485.00 | OK | |
r-patched-linux-x86_64 | OK | |||||
r-release-linux-x86_64 | 2.1.5 | 93.84 | 375.11 | 468.95 | OK | |
r-release-macos-arm64 | 2.1.5 | 208.00 | OK | |||
r-release-macos-x86_64 | 2.1.5 | 389.00 | OK | |||
r-release-windows-x86_64 | 2.1.5 | 86.00 | 394.00 | 480.00 | OK | |
r-oldrel-macos-arm64 | 2.1.5 | 182.00 | NOTE | |||
r-oldrel-macos-x86_64 | 2.1.5 | 289.00 | NOTE | |||
r-oldrel-windows-x86_64 | 2.1.5 | 115.00 | 513.00 | 628.00 | NOTE |
Version: 2.1.5
Check: installed package size
Result: NOTE
installed size is 12.9Mb
sub-directories of 1Mb or more:
doc 3.3Mb
help 1.1Mb
libs 7.7Mb
Flavors: r-oldrel-macos-arm64, r-oldrel-macos-x86_64, r-oldrel-windows-x86_64