CRAN Package Check Results for Package BCA1SG

Last updated on 2025-11-25 07:49:49 CET.

Flavor Version Tinstall Tcheck Ttotal Status Flags
r-devel-linux-x86_64-debian-clang 0.1.0 2.85 33.45 36.30 NOTE
r-devel-linux-x86_64-debian-gcc 0.1.0 1.87 25.73 27.60 NOTE
r-devel-linux-x86_64-fedora-clang 0.1.0 54.48 OK
r-devel-linux-x86_64-fedora-gcc 0.1.0 52.25 OK
r-devel-windows-x86_64 0.1.0 5.00 52.00 57.00 OK
r-patched-linux-x86_64 0.1.0 2.93 31.31 34.24 OK
r-release-linux-x86_64 0.1.0 2.62 31.55 34.17 OK
r-release-macos-arm64 0.1.0 OK
r-release-macos-x86_64 0.1.0 3.00 36.00 39.00 OK
r-release-windows-x86_64 0.1.0 4.00 59.00 63.00 OK
r-oldrel-macos-arm64 0.1.0 OK
r-oldrel-macos-x86_64 0.1.0 2.00 27.00 29.00 OK
r-oldrel-windows-x86_64 0.1.0 5.00 59.00 64.00 OK

Check Details

Version: 0.1.0
Check: CRAN incoming feasibility
Result: NOTE Maintainer: ‘Wang Yudong <yudongw@u.nus.edu>’ No Authors@R field in DESCRIPTION. Please add one, modifying Authors@R: c(person(given = "Wang", family = "Yudong", role = c("aut", "cre"), email = "yudongw@u.nus.edu"), person(given = "Ye", family = "Zhisheng", role = "aut"), person(given = "Cao", family = "Hongyuan", role = "aut")) as necessary. Flavors: r-devel-linux-x86_64-debian-clang, r-devel-linux-x86_64-debian-gcc