Last updated on 2024-05-05 13:55:31 CEST.
Flavor | Version | Tinstall | Tcheck | Ttotal | Status | Flags |
---|---|---|---|---|---|---|
r-devel-linux-x86_64-debian-clang | 1.3.4 | 15.21 | 42.37 | 57.58 | OK | |
r-devel-linux-x86_64-debian-gcc | 1.3.4 | 9.85 | 32.04 | 41.89 | OK | |
r-devel-linux-x86_64-fedora-clang | 1.3.4 | 69.59 | NOTE | |||
r-devel-linux-x86_64-fedora-gcc | 1.3.4 | 83.23 | NOTE | |||
r-devel-windows-x86_64 | 1.3.4 | 11.00 | 57.00 | 68.00 | OK | |
r-patched-linux-x86_64 | 1.3.4 | 14.12 | 40.92 | 55.04 | OK | |
r-release-linux-x86_64 | 1.3.4 | 11.34 | 40.08 | 51.42 | OK | |
r-release-macos-arm64 | 1.3.4 | 32.00 | OK | |||
r-release-windows-x86_64 | 1.3.4 | 10.00 | 58.00 | 68.00 | OK | |
r-oldrel-macos-arm64 | 1.3.4 | 45.00 | OK | |||
r-oldrel-macos-x86_64 | 1.3.4 | 58.00 | OK | |||
r-oldrel-windows-x86_64 | 1.3.4 | 13.00 | 57.00 | 70.00 | OK |
Version: 1.3.4
Check: dependencies in R code
Result: NOTE
Namespace in Imports field not imported from: ‘curl’
All declared Imports should be used.
Flavors: r-devel-linux-x86_64-fedora-clang, r-devel-linux-x86_64-fedora-gcc