CRAN Package Check Results for Package AsynchLong

Last updated on 2025-05-03 22:49:47 CEST.

Flavor Version Tinstall Tcheck Ttotal Status Flags
r-devel-linux-x86_64-debian-clang 2.3 2.67 33.97 36.64 NOTE
r-devel-linux-x86_64-debian-gcc 2.3 2.21 25.04 27.25 NOTE
r-devel-linux-x86_64-fedora-clang 2.3 59.16 OK
r-devel-linux-x86_64-fedora-gcc 2.4 56.88 OK
r-devel-windows-x86_64 2.3 3.00 54.00 57.00 OK
r-patched-linux-x86_64 2.3 2.46 32.36 34.82 OK
r-release-linux-x86_64 OK
r-release-macos-arm64 2.4 43.00 OK
r-release-macos-x86_64 2.4 59.00 OK
r-release-windows-x86_64 2.3 4.00 54.00 58.00 OK
r-oldrel-macos-arm64 2.4 40.00 OK
r-oldrel-macos-x86_64 2.4 61.00 OK
r-oldrel-windows-x86_64 2.3 5.00 51.00 56.00 OK

Check Details

Version: 2.3
Check: CRAN incoming feasibility
Result: NOTE Maintainer: ‘Shannon T. Holloway <shannon.t.holloway@gmail.com>’ No Authors@R field in DESCRIPTION. Please add one, modifying Authors@R: c(person(given = "Hongyuan", family = "Cao", role = "aut"), person(given = "Donglin", family = "Zeng", role = "aut"), person(given = "Jialiang", family = "Li", role = "aut"), person(given = c("Jason", "P."), family = "Fine", role = "aut"), person(given = c("Shannon", "T."), family = "Holloway", role = c("aut", "cre"), email = "shannon.t.holloway@gmail.com")) as necessary. Flavors: r-devel-linux-x86_64-debian-clang, r-devel-linux-x86_64-debian-gcc