Last updated on 2025-02-21 13:50:40 CET.
Flavor | Version | Tinstall | Tcheck | Ttotal | Status | Flags |
---|---|---|---|---|---|---|
r-devel-linux-x86_64-debian-clang | 1.0.4 | 11.96 | 76.12 | 88.08 | OK | |
r-devel-linux-x86_64-debian-gcc | 1.0.4 | 7.04 | 49.62 | 56.66 | OK | |
r-devel-linux-x86_64-fedora-clang | 1.0.4 | 135.92 | NOTE | |||
r-devel-linux-x86_64-fedora-gcc | 1.0.4 | 409.87 | NOTE | |||
r-devel-macos-arm64 | 1.0.4 | 103.00 | OK | |||
r-devel-macos-x86_64 | 1.0.4 | 253.00 | OK | |||
r-devel-windows-x86_64 | 1.0.4 | 12.00 | 90.00 | 102.00 | OK | |
r-patched-linux-x86_64 | 1.0.4 | 11.48 | 68.01 | 79.49 | OK | |
r-release-linux-x86_64 | 1.0.4 | 10.40 | 67.63 | 78.03 | OK | |
r-release-macos-arm64 | 1.0.4 | 95.00 | OK | |||
r-release-macos-x86_64 | 1.0.4 | 167.00 | OK | |||
r-release-windows-x86_64 | 1.0.4 | 13.00 | 89.00 | 102.00 | OK | |
r-oldrel-macos-arm64 | 1.0.4 | 99.00 | OK | |||
r-oldrel-macos-x86_64 | 1.0.4 | 191.00 | OK | |||
r-oldrel-windows-x86_64 | 1.0.4 | 15.00 | 106.00 | 121.00 | OK |
Version: 1.0.4
Check: dependencies in R code
Result: NOTE
Namespace in Imports field not imported from: ‘knitr’
All declared Imports should be used.
Flavors: r-devel-linux-x86_64-fedora-clang, r-devel-linux-x86_64-fedora-gcc