Last updated on 2025-11-04 07:49:47 CET.
| Flavor | Version | Tinstall | Tcheck | Ttotal | Status | Flags | 
|---|---|---|---|---|---|---|
| r-devel-linux-x86_64-debian-clang | 1.0.4 | 11.90 | 91.85 | 103.75 | NOTE | |
| r-devel-linux-x86_64-debian-gcc | 1.0.4 | 7.88 | 62.30 | 70.18 | NOTE | |
| r-devel-linux-x86_64-fedora-clang | 1.0.4 | 35.00 | 125.51 | 160.51 | NOTE | |
| r-devel-linux-x86_64-fedora-gcc | 1.0.4 | 23.00 | 397.21 | 420.21 | NOTE | |
| r-devel-windows-x86_64 | 1.0.4 | 12.00 | 103.00 | 115.00 | OK | |
| r-patched-linux-x86_64 | 1.0.4 | 10.73 | 83.10 | 93.83 | OK | |
| r-release-linux-x86_64 | 1.0.4 | 10.74 | 82.86 | 93.60 | OK | |
| r-release-macos-arm64 | 1.0.4 | 6.00 | 141.00 | 147.00 | OK | |
| r-release-macos-x86_64 | 1.0.4 | 11.00 | 199.00 | 210.00 | OK | |
| r-release-windows-x86_64 | 1.0.4 | 13.00 | 100.00 | 113.00 | OK | |
| r-oldrel-macos-arm64 | 1.0.4 | 5.00 | 90.00 | 95.00 | OK | |
| r-oldrel-macos-x86_64 | 1.0.4 | 12.00 | 155.00 | 167.00 | OK | |
| r-oldrel-windows-x86_64 | 1.0.4 | 16.00 | 125.00 | 141.00 | OK | 
Version: 1.0.4
Check: CRAN incoming feasibility
Result: NOTE
  Maintainer: ‘Maximilian Nagl <maximilian.nagl@ur.de>’
  
  No Authors@R field in DESCRIPTION.
  Please add one, modifying
    Authors@R: c(person(given = "Maximilian",
                        family = "Nagl",
                        role = c("aut", "cre"),
                        email = "maximilian.nagl@ur.de"),
                 person(given = "Yevhen",
                        family = "Havrylenko",
                        role = "aut"),
                 person(given = "Marius",
                        family = "Pfeuffer",
                        role = "aut"),
                 person(given = "Kevin",
                        family = "Jakob",
                        role = "aut"),
                 person(given = "Matthias",
                        family = "Fischer",
                        role = "aut"),
                 person(given = "Daniel",
                        family = "Roesch",
                        role = "aut"))
  as necessary.
Flavors: r-devel-linux-x86_64-debian-clang, r-devel-linux-x86_64-debian-gcc
Version: 1.0.4
Check: dependencies in R code
Result: NOTE
  Namespace in Imports field not imported from: ‘knitr’
    All declared Imports should be used.
Flavors: r-devel-linux-x86_64-fedora-clang, r-devel-linux-x86_64-fedora-gcc