Last updated on 2025-11-04 07:49:47 CET.
| Flavor | Version | Tinstall | Tcheck | Ttotal | Status | Flags | 
|---|---|---|---|---|---|---|
| r-devel-linux-x86_64-debian-clang | 0.1.0 | 135.46 | 185.13 | 320.59 | OK | |
| r-devel-linux-x86_64-debian-gcc | 0.1.0 | 111.39 | 142.54 | 253.93 | OK | |
| r-devel-linux-x86_64-fedora-clang | 0.1.0 | 339.00 | 161.77 | 500.77 | NOTE | |
| r-devel-linux-x86_64-fedora-gcc | 0.1.0 | 352.00 | 202.79 | 554.79 | NOTE | |
| r-devel-windows-x86_64 | 0.1.0 | 158.00 | 188.00 | 346.00 | OK | |
| r-patched-linux-x86_64 | 0.1.0 | 145.28 | 185.72 | 331.00 | OK | |
| r-release-linux-x86_64 | 0.1.0 | 141.53 | 188.07 | 329.60 | OK | |
| r-release-macos-arm64 | 0.1.0 | 52.00 | 61.00 | 113.00 | OK | |
| r-release-macos-x86_64 | 0.1.0 | 230.00 | 234.00 | 464.00 | OK | |
| r-release-windows-x86_64 | 0.1.0 | 152.00 | 185.00 | 337.00 | OK | |
| r-oldrel-macos-arm64 | 0.1.0 | 31.00 | 43.00 | 74.00 | NOTE | |
| r-oldrel-macos-x86_64 | 0.1.0 | 65.00 | 85.00 | 150.00 | NOTE | |
| r-oldrel-windows-x86_64 | 0.1.0 | 179.00 | 240.00 | 419.00 | NOTE | 
Version: 0.1.0
Check: dependencies in R code
Result: NOTE
  Namespace in Imports field not imported from: ‘RcppParallel’
    All declared Imports should be used.
Flavors: r-devel-linux-x86_64-fedora-clang, r-devel-linux-x86_64-fedora-gcc
Version: 0.1.0
Check: installed package size
Result: NOTE
    installed size is 40.1Mb
    sub-directories of 1Mb or more:
      libs  39.8Mb
Flavors: r-oldrel-macos-arm64, r-oldrel-macos-x86_64
Version: 0.1.0
Check: for GNU extensions in Makefiles
Result: NOTE
  GNU make is a SystemRequirements.
Flavors: r-oldrel-macos-arm64, r-oldrel-macos-x86_64, r-oldrel-windows-x86_64